n divisor of l and 13.
13
Suppose 385 = -k + 146. Let s = -140 - k. What is the greatest common factor of s and 11?
11
Suppose 4*n = 4*d - 32, -3*d - n + 2*n = -20. Suppose 2*w = 4*i - 3*w - 153, -5*i = 5*w - 225. What is the greatest common divisor of d and i?
6
Suppose -2*j - 62 = -5*g, 0 = g + 3*j - 0*j - 26. Calculate the greatest common factor of 8 and g.
2
Let u(h) = -3*h**3 + 27*h**2 + 13. Let k be u(9). What is the greatest common divisor of 65 and k?
13
Let j = -1874 + 1884. Let s = -4 + 6. Suppose 0 = s*m + 1 - 21. What is the greatest common divisor of m and j?
10
Suppose -2*h = v - 11, -2*v - 2 + 15 = h. Suppose -y = -0*b - 5*b - 20, 3*y + v*b = 0. Calculate the greatest common divisor of y and 55.
5
Suppose -h + 3 = 2. Let z(o) = 4*o**3 + 2*o**2 - 1. Let u be z(h). Suppose -j - j = -3*k - 34, 3*k = 6. What is the greatest common factor of j and u?
5
Suppose 0 = -48*n + 17*n + 23777. Calculate the greatest common divisor of n and 39.
13
Suppose -5*w + w - 308 = 0. Let r = w - -80. Calculate the greatest common divisor of 6 and r.
3
Let j(g) = -g**3 - 12*g**2 + 30*g - 27. Let y be j(-15). What is the greatest common divisor of 90 and y?
18
Let s = 2 - -13. Suppose c + 131 = b, 0 = b + 2*b + 2*c - 413. What is the greatest common factor of b and s?
15
Let z be ((-6)/(-8))/(-11 + (-9691)/(-880)). Let i be (-1 + 0 + 1)/(-1). Suppose -3*u + 36 = -i*u. What is the highest common factor of u and z?
12
Let p be 21/3*3 - (3 - 2). Suppose -35*m + 30*m + 100 = 0. What is the greatest common factor of m and p?
20
Let w(h) = 2*h**3 - 41*h**2 - 15*h + 27. Let g be w(21). What is the greatest common divisor of 357 and g?
51
Suppose -19*x = -14*x - 255. Suppose -7*o = -2*o - 85. Calculate the greatest common divisor of o and x.
17
Let q be 225/35 + 6/(-14). Suppose 2*l - 7*l + 15 = 0. Calculate the highest common divisor of l and q.
3
Let b = 1127 + -1115. Calculate the highest common factor of b and 48.
12
Let g(x) = -22 - 5 + x - 9*x**2 - x**3 + 13. Let o be g(-13). Calculate the greatest common factor of 59 and o.
59
Let w(f) = f**2 - 3*f + 20. Let u be w(6). Suppose -43*k + u*k = -135. Calculate the highest common factor of k and 9.
9
Let v = -52 - -57. Let a be 6/(-21) - (-60)/14. Suppose 2*z - 2*f = 4, a*f + 6 = v*z - 5. What is the greatest common divisor of z and 33?
3
Let y(z) = 2*z**2. Let r be y(-1). Suppose -3*d - r*d = -40. Suppose 3*c = p - 5*p + 20, c - 5*p - 32 = 0. What is the highest common factor of d and c?
4
Let u = -2179 - -2237. What is the highest common divisor of u and 3422?
58
Let f = -8 + 10. Suppose -f*r - 3*r = -65. Let m(h) = -h**3 + 14*h**2 - 11*h - 15. Let v be m(r). What is the highest common factor of v and 22?
11
Let w(o) = 26*o**3 + 2*o**2 - 1. Let i be w(1). Let a = i - 21. What is the highest common divisor of 18 and a?
6
Let g(u) = -u**2 + 11*u - 21. Let k(z) = -3*z**2 + 32*z - 63. Let p(s) = 11*g(s) - 4*k(s). Let m be p(5). What is the highest common factor of 99 and m?
11
Let d(b) = 4*b - 10. Let s be d(4). Let g(c) = c + 4. Let v be g(-5). Let a be 3 + v + (27 - -1). Calculate the greatest common factor of s and a.
6
Let j = -13 - -18. Suppose -2*m - 4*l + 102 = 0, j*l + 0*l + 16 = m. Let i = m + -20. What is the greatest common divisor of i and 7?
7
Let u = 2739 - 1939. Calculate the highest common factor of 240 and u.
80
Suppose -3*s - 12 = -9*s. Let q be 39/(-5 + 4 + s). Calculate the greatest common factor of q and 26.
13
Suppose -2*h = -61 - 165. Let n = -67 + h. Calculate the highest common divisor of n and 23.
23
Let b(z) = z**3 - 3*z**2 - 4*z. Let n be b(4). Let r be n + 1 + 1 + 0. What is the highest common factor of r and 22?
2
Let w(h) be the third derivative of -h**5/60 + 7*h**4/12 + 2*h**3/3 + 23*h**2. Let f be w(6). Calculate the greatest common factor of f and 130.
26
Let c be (7/(-3))/(4/(-12)). Suppose 2*j - c = -1. Calculate the highest common divisor of j and 9.
3
Let a be 8/(-24) - (-112)/3. Let y be (-33)/((-1 - -2)*1). Let j = a + y. What is the greatest common divisor of 8 and j?
4
Suppose 4*b = 206 + 458. Let c = -111 + b. What is the highest common divisor of 11 and c?
11
Let a be (5 + -2)/((-6)/(-130)). Let v = -23 + a. What is the highest common factor of v and 105?
21
Suppose 0*k + 20 = k. Let l(a) = 2*a**2 + 5*a - 47. Let j be l(4). What is the highest common divisor of j and k?
5
Let y be (-3)/(-2)*90/27. Suppose 5*k - 398 + 31 = 2*o, -y*k + 4*o = -359. What is the greatest common divisor of k and 15?
15
Let y(m) = -m**2 + 2*m + 4. Let i be y(3). Let k be -2 + (8/16 + 0 - 26/(-4)). What is the highest common divisor of k and i?
1
Let p be 2/11 - (-75)/11. Let f = 3 + 5. Suppose -2*a - 239 = 3*c - f*c, 55 = c + 2*a. What is the highest common divisor of c and p?
7
Suppose 0 = -4*t + 9*t - 2*l - 491, 4*t + 3*l - 402 = 0. Suppose 3*r + 2*r - t = 3*b, -2*b - 80 = -4*r. What is the highest common divisor of 147 and r?
21
Suppose -3*b + 9 = 2*j, -4*j + 2*b - 5*b + 15 = 0. Suppose 4*y = 5*s - 26 - 94, -63 = j*y + 3*s. Let n = y + 37. What is the greatest common factor of 24 and n?
12
Let m be -38*(-5 - -1) + 8 + -7. What is the highest common divisor of m and 34?
17
Let k be (-26)/(-52)*(2 + 102). What is the highest common factor of k and 65?
13
Let s(z) = -z**3 + 5. Let j be s(0). Let d = -3864 - -3874. What is the highest common divisor of j and d?
5
Let q(h) = 85*h + 686. Let f be q(-8). What is the greatest common factor of f and 226?
2
Let x be (3/4 - (-55)/44) + 2. Calculate the highest common factor of x and 16.
4
Let t = -862 + 880. Calculate the greatest common divisor of t and 450.
18
Suppose 0 = u - 3, -o - o + 481 = 5*u. Let z = o - 119. What is the greatest common divisor of 38 and z?
38
Suppose 0 = -5*f + 2*b + 294, f - 91 + 28 = -b. What is the highest common divisor of 270 and f?
30
Suppose -26*m - 2*b = -25*m - 280, 5*b = 3*m - 884. What is the greatest common divisor of 224 and m?
32
Let z = -32 + -53. Let x be 4/(-10)*z/2. What is the highest common divisor of x and 17?
17
Let m be ((1 - -5) + 52/(-8))*-46. What is the highest common factor of 322 and m?
23
Let j = 1333 + -1281. What is the greatest common divisor of j and 325?
13
Let w be 674 + 4*45/18. Calculate the highest common divisor of 72 and w.
36
Let k = 1554 + -1496. What is the highest common divisor of k and 667?
29
Let g(a) = 68*a - 296. Let c be g(20). Calculate the greatest common divisor of c and 112.
56
Let c be 2/(-7) + (-132)/(-21). Suppose 196 - 166 = p. Calculate the highest common divisor of p and c.
6
Suppose -n + 113 = 14*j - 11*j, n - 5 = 0. Let p be (-4)/18 - (-164)/9. What is the greatest common divisor of j and p?
18
Let t(r) = 1. Let p(o) = -5*o + 13. Let y(n) = p(n) - 5*t(n). Let x be y(-6). What is the highest common factor of 152 and x?
38
Let w(s) = -6*s + 184. Let r be w(25). What is the greatest common factor of r and 425?
17
Let m(h) = -h**3 - 6*h**2 - 6*h. Let i be m(-5). Let c = -5 + i. Suppose c = 6*w - w, -w = 3*b - 144. Calculate the greatest common divisor of b and 6.
6
Suppose -4*w = 19*q - 17*q - 256, 2*q = -w + 58. What is the greatest common divisor of w and 418?
22
Suppose 2*a = -8, 5*w + 6*a - 3*a + 67 = 0. Let o(x) = -5 + 4 + 2 - x**3 - 12*x**2 - 11*x. Let j be o(w). What is the highest common factor of j and 4?
1
Let n = 17 + 1. What is the highest common divisor of n and 50?
2
Suppose 5*b + 1755 = 70*b. Calculate the highest common divisor of 783 and b.
27
Suppose 0 = 8*k - 297 + 105. What is the greatest common divisor of k and 192?
24
Let u(h) = h**3 - 9*h**2 + 6*h - 23. Let o be u(9). Calculate the greatest common divisor of 155 and o.
31
Let r = -432 + 174. Let m = -123 - r. Calculate the highest common divisor of m and 15.
15
Let y(x) = 15 + 17 - 45 + 9 + 2*x. Let p be y(5). Let f = 39 - 15. What is the highest common factor of f and p?
6
Let r = 295 - 23. Suppose 0 = 3*j - 3*f - 204, -2*j - 2*j + r = f. Let m = 58 - 41. What is the highest common divisor of m and j?
17
Let k = 893 + -269. Calculate the greatest common divisor of 26 and k.
26
Let l be 6/2 - ((-5 - 0) + 8). Suppose l = 2*g - 2*x - 3*x - 31, 0 = 5*x + 25. Calculate the greatest common divisor of g and 9.
3
Suppose 0 = 4*u - 4*j - 36, -13*u + 15*u = -j + 18. Suppose 0 = -h + 3 - 29. Let s